{"id":129,"date":"2022-03-01T01:38:29","date_gmt":"2022-03-01T01:38:29","guid":{"rendered":"http:\/\/sound.bkns.biz\/?page_id=129"},"modified":"2022-03-01T02:19:38","modified_gmt":"2022-03-01T02:19:38","slug":"ho-tro","status":"publish","type":"page","link":"https:\/\/sound.bkns.biz\/?page_id=129","title":{"rendered":"H\u1ed7 tr\u1ee3"},"content":{"rendered":"\t<section class=\"section\" id=\"section_1412028761\">\n\t\t<div class=\"bg section-bg fill bg-fill  bg-loaded\" >\n\n\t\t\t\n\t\t\t\n\t\t\t\n\n\t\t<\/div><!-- .section-bg -->\n\n\t\t<div class=\"section-content relative\">\n\t\t\t\n<div class=\"row\"  id=\"row-692015035\">\n<div class=\"col small-12 large-12\"  ><div class=\"col-inner\"  >\n<h1 class=\"page-title\"><span>H\u1ed6 TR\u1ee2<\/span><\/h1>\n<div class=\"page-wrapper\">\n<div class=\"page-content rte\">\n<p><strong><span>Nh\u1ea5n v\u00e0o\u00a0\u00a0<\/span><\/strong><a href=\"http:\/\/www.isound.com\/product-registration\/\"><strong><span>\u0111\u00e2y<\/span><\/strong><\/a><span><strong>\u00a0\u0111\u1ec3 \u0111\u0103ng k\u00fd s\u1ea3n ph\u1ea9m c\u1ee7a b\u1ea1n.<\/strong><\/span><a href=\"http:\/\/www.signalusa.com\/product-registration\/\"><strong>\u00a0<\/strong><\/a><strong>\u00a0<\/strong><\/p>\n<p><strong><span>B\u1ea5m v\u00e0o\u00a0\u00a0<\/span><a href=\"https:\/\/isound.com\/buy\/https:\/\/isound.com\/where-to-buy\/\"><span>\u0111\u00e2y<\/span><\/a><span>\u00a0\u0111\u1ec3 mua s\u1eafm c\u00e1c s\u1ea3n ph\u1ea9m tr\u1ef1c tuy\u1ebfn.<\/span><a href=\"http:\/\/www.signalusa.com\/product-registration\/\">\u00a0<\/a>\u00a0<\/strong><\/p>\n<p><strong><span>Nh\u1ea5p v\u00e0o\u00a0\u00a0<\/span><\/strong><a href=\"http:\/\/www.isound.com\/contact-us\/\"><strong><span>\u0111\u00e2y<\/span><\/strong><\/a><span><strong>\u00a0\u0111\u1ec3 li\u00ean h\u1ec7 v\u1edbi D\u1ecbch v\u1ee5 kh\u00e1ch h\u00e0ng \/ H\u1ed7 tr\u1ee3 k\u1ef9 thu\u1eadt.<\/strong><\/span><a href=\"http:\/\/www.signalusa.com\/product-registration\/\"><strong>\u00a0<\/strong><\/a><\/p>\n<p><strong><span>C\u00e2u h\u1ecfi th\u01b0\u1eddng g\u1eb7p: C\u00e2u h\u1ecfi th\u01b0\u1eddng g\u1eb7p<\/span><\/strong><\/p>\n<ul>\n<li><a href=\"https:\/\/isound.com\/support\/#faq01\"><span>Ch\u00ednh s\u00e1ch b\u1ea3o h\u00e0nh cho s\u1ea3n ph\u1ea9m l\u00e0 g\u00ec?<\/span><\/a><\/li>\n<li><a href=\"https:\/\/isound.com\/support\/#faq02\"><span>L\u00e0m c\u00e1ch n\u00e0o \u0111\u1ec3 nh\u1eadn \u0111\u01b0\u1ee3c d\u1ecbch v\u1ee5 cho s\u1ea3n ph\u1ea9m b\u1ecb l\u1ed7i c\u1ee7a t\u00f4i?<\/span><\/a><\/li>\n<li><a href=\"https:\/\/isound.com\/support\/#faq03\"><span>L\u00e0m c\u00e1ch n\u00e0o \u0111\u1ec3 \u0111\u0103ng k\u00fd s\u1ea3n ph\u1ea9m c\u1ee7a t\u00f4i?<\/span><\/a><\/li>\n<li><a href=\"https:\/\/isound.com\/support\/#faq04\"><span>T\u00f4i c\u00f3 th\u1ec3 t\u00ecm h\u01b0\u1edbng d\u1eabn s\u1eed d\u1ee5ng s\u1ea3n ph\u1ea9m c\u1ee7a m\u00ecnh \u1edf \u0111\u00e2u?<\/span><\/a><\/li>\n<li><a href=\"https:\/\/isound.com\/support\/#faq05\"><span>T\u00f4i c\u00f3 th\u1ec3 l\u1ea5y c\u00e1c t\u1edd b\u00e1n th\u00f4ng tin v\u1ec1 t\u1eebng s\u1ea3n ph\u1ea9m \u1edf \u0111\u00e2u?<\/span><\/a><\/li>\n<li><a href=\"https:\/\/isound.com\/support\/#faq06\"><span>Ch\u00ednh s\u00e1ch ho\u00e0n tr\u1ea3 l\u00e0 g\u00ec?<\/span><\/a><\/li>\n<li><a href=\"https:\/\/isound.com\/support\/#faq07\"><span>M\u1ea5t bao l\u00e2u \u0111\u1ec3 s\u1ea3n ph\u1ea9m c\u1ee7a t\u00f4i \u0111\u01b0\u1ee3c v\u1eadn chuy\u1ec3n?<\/span><\/a><\/li>\n<\/ul>\n<p><a name=\"faq01\"><\/a><\/p>\n<p><strong><span>Q: Ch\u00ednh s\u00e1ch b\u1ea3o h\u00e0nh cho s\u1ea3n ph\u1ea9m l\u00e0 g\u00ec?<\/span><\/strong><\/p>\n<p><span>T\u1ea5t c\u1ea3 c\u00e1c s\u1ea3n ph\u1ea9m \u0111\u1ec1u \u0111\u01b0\u1ee3c b\u1ea3o h\u00e0nh c\u00f3 gi\u1edbi h\u1ea1n v\u00e0 \u0111\u00e3 tr\u1ea3i qua m\u1ed9t lo\u1ea1t c\u00e1c b\u00e0i ki\u1ec3m tra k\u1ef9 l\u01b0\u1ee1ng \u0111\u1ec3 \u0111\u1ea3m b\u1ea3o \u0111\u1ed9 tin c\u1eady v\u00e0 kh\u1ea3 n\u0103ng t\u01b0\u01a1ng th\u00edch cao nh\u1ea5t.\u00a0Kh\u00f4ng c\u00f3 kh\u1ea3 n\u0103ng b\u1ea1n s\u1ebd g\u1eb7p ph\u1ea3i b\u1ea5t k\u1ef3 v\u1ea5n \u0111\u1ec1 n\u00e0o, nh\u01b0ng n\u1ebfu m\u1ed9t khuy\u1ebft t\u1eadt xu\u1ea5t hi\u1ec7n r\u00f5 r\u00e0ng trong qu\u00e1 tr\u00ecnh s\u1eed d\u1ee5ng s\u1ea3n ph\u1ea9m n\u00e0y, iSound \u0111\u1ea3m b\u1ea3o v\u1edbi ng\u01b0\u1eddi mua l\u00e0 ng\u01b0\u1eddi ti\u00eau d\u00f9ng ban \u0111\u1ea7u r\u1eb1ng s\u1ea3n ph\u1ea9m n\u00e0y s\u1ebd kh\u00f4ng c\u00f3 khuy\u1ebft t\u1eadt v\u1ec1 v\u1eadt li\u1ec7u v\u00e0 tay ngh\u1ec1 trong th\u1eddi gian 120 ng\u00e0y k\u1ec3 t\u1eeb ng\u00e0y mua ban \u0111\u1ea7u c\u1ee7a b\u1ea1n.\u00a0N\u1ebfu l\u1ed7i thu\u1ed9c ph\u1ea1m vi b\u1ea3o h\u00e0nh n\u00e0y x\u1ea3y ra, iSound, theo l\u1ef1a ch\u1ecdn c\u1ee7a m\u00ecnh, s\u1ebd s\u1eeda ch\u1eefa ho\u1eb7c thay th\u1ebf s\u1ea3n ph\u1ea9m \u0111\u00e3 mua mi\u1ec5n ph\u00ed ho\u1eb7c ho\u00e0n l\u1ea1i gi\u00e1 mua ban \u0111\u1ea7u.\u00a0N\u1ebfu c\u1ea7n thay th\u1ebf v\u00e0 s\u1ea3n ph\u1ea9m c\u1ee7a b\u1ea1n kh\u00f4ng c\u00f2n n\u1eefa, m\u1ed9t s\u1ea3n ph\u1ea9m t\u01b0\u01a1ng \u0111\u01b0\u01a1ng c\u00f3 th\u1ec3 \u0111\u01b0\u1ee3c thay th\u1ebf theo quy\u1ebft \u0111\u1ecbnh ri\u00eang c\u1ee7a iSound.<\/span>\u00a0<\/p>\n<p><span>B\u1ea3o h\u00e0nh n\u00e0y kh\u00f4ng bao g\u1ed3m hao m\u00f2n b\u00ecnh th\u01b0\u1eddng, l\u1ea1m d\u1ee5ng s\u1eed d\u1ee5ng ho\u1eb7c l\u1ea1m d\u1ee5ng, s\u1eeda \u0111\u1ed5i, gi\u1ea3 m\u1ea1o ho\u1eb7c do b\u1ea5t k\u1ef3 nguy\u00ean nh\u00e2n n\u00e0o kh\u00e1c kh\u00f4ng li\u00ean quan \u0111\u1ebfn v\u1eadt li\u1ec7u ho\u1eb7c tay ngh\u1ec1.\u00a0B\u1ea3o h\u00e0nh n\u00e0y kh\u00f4ng \u00e1p d\u1ee5ng cho c\u00e1c s\u1ea3n ph\u1ea9m \u0111\u01b0\u1ee3c s\u1eed d\u1ee5ng cho b\u1ea5t k\u1ef3 m\u1ee5c \u0111\u00edch c\u00f4ng nghi\u1ec7p, chuy\u00ean nghi\u1ec7p ho\u1eb7c th\u01b0\u01a1ng m\u1ea1i n\u00e0o.\u00a0<\/span><\/p>\n<p><a name=\"faq02\"><\/a><\/p>\n<p><strong><span>Q: L\u00e0m th\u1ebf n\u00e0o \u0111\u1ec3 t\u00f4i nh\u1eadn \u0111\u01b0\u1ee3c d\u1ecbch v\u1ee5 b\u1ea3o h\u00e0nh?<\/span><\/strong><\/p>\n<ol>\n<li><span>N\u1ebfu b\u1ea1n y\u00eau c\u1ea7u d\u1ecbch v\u1ee5 b\u1ea3o h\u00e0nh ho\u1eb7c c\u1ea7n tr\u1ea3 l\u1ea1i b\u1ea5t k\u1ef3 m\u1eb7t h\u00e0ng b\u1ecb h\u1ecfng ho\u1eb7c b\u1ecb l\u1ed7i n\u00e0o, h\u00e3y \u0111\u1ea3m b\u1ea3o l\u1ea5y S\u1ed1 \u1ee7y quy\u1ec1n tr\u1ea3 l\u1ea1i t\u1eeb D\u1ecbch v\u1ee5 kh\u00e1ch h\u00e0ng c\u1ee7a iSound.\u00a0<\/span><br \/><strong><em><span>L\u01afU \u00dd: iSound s\u1ebd kh\u00f4ng x\u1eed l\u00fd b\u1ea5t k\u1ef3 khi\u1ebfu n\u1ea1i b\u1ecb l\u1ed7i n\u00e0o n\u1ebfu kh\u00f4ng c\u00f3 S\u1ed1 \u1ee6y quy\u1ec1n Tr\u1ea3 l\u1ea1i.<\/span><\/em><\/strong>\n<ul>\n<li><span>\u0110\u1ec3 y\u00eau c\u1ea7u v\u00e0 tr\u1ea3 l\u1ea1i S\u1ed1 \u1ee7y quy\u1ec1n, h\u00e3y \u0111\u0103ng nh\u1eadp \/ t\u1ea1o t\u00e0i kho\u1ea3n.<\/span><\/li>\n<li><span>Nh\u1ea5p v\u00e0o \u201c\u0110\u01a1n \u0111\u1eb7t h\u00e0ng \u0111\u00e3 ho\u00e0n th\u00e0nh\u201d.<\/span><\/li>\n<li><span>T\u00ecm \u0111\u01a1n \u0111\u1eb7t h\u00e0ng c\u00f3 m\u1eb7t h\u00e0ng b\u1ea1n mu\u1ed1n tr\u1ea3 l\u1ea1i v\u00e0 nh\u1ea5p v\u00e0o \u201cTr\u1ea3 h\u00e0ng\u201d.<\/span><\/li>\n<li><span>S\u1eed d\u1ee5ng menu th\u1ea3 xu\u1ed1ng, ch\u1ecdn s\u1ed1 l\u01b0\u1ee3ng b\u1ea1n mu\u1ed1n tr\u1ea3 l\u1ea1i, l\u00fd do tr\u1ea3 l\u1ea1i v\u00e0 h\u00e0nh \u0111\u1ed9ng tr\u1ea3 l\u1ea1i \u0111\u01b0\u1ee3c y\u00eau c\u1ea7u.<\/span><\/li>\n<li><span>Th\u00eam b\u1ea5t k\u1ef3 nh\u1eadn x\u00e9t ho\u1eb7c th\u00f4ng tin b\u1ed5 sung li\u00ean quan \u0111\u1ebfn vi\u1ec7c tr\u1ea3 l\u1ea1i trong h\u1ed9p Nh\u1eadn x\u00e9t.<\/span><\/li>\n<li><span>Nh\u1ea5p v\u00e0o &#8220;G\u1eedi y\u00eau c\u1ea7u tr\u1ea3 l\u1ea1i&#8221;.<\/span><\/li>\n<li><span>B\u1ea1n s\u1ebd nh\u1eadn \u0111\u01b0\u1ee3c m\u1ed9t email v\u1ec1 y\u00eau c\u1ea7u c\u1ee7a b\u1ea1n trong v\u00f2ng 72 gi\u1edd.<\/span><\/li>\n<\/ul>\n<\/li>\n<li><span>Tr\u1ea3 s\u1ea3n ph\u1ea9m cho iSound v\u1edbi h\u00ecnh th\u1ee9c tr\u1ea3 tr\u01b0\u1edbc b\u01b0u ph\u00ed (khuy\u1ebfn ngh\u1ecb b\u1ea3o hi\u1ec3m v\u1eadn chuy\u1ec3n).\u00a0iSound s\u1ebd kh\u00f4ng ch\u1ecbu tr\u00e1ch nhi\u1ec7m v\u1ec1 b\u1ea5t k\u1ef3 h\u01b0 h\u1ecfng ho\u1eb7c m\u1ea5t m\u00e1t n\u00e0o c\u1ee7a s\u1ea3n ph\u1ea9m trong qu\u00e1 tr\u00ecnh v\u1eadn chuy\u1ec3n.\u00a0iSound s\u1ebd \u0111\u00e0i th\u1ecd chi ph\u00ed v\u1eadn chuy\u1ec3n m\u1eb7t h\u00e0ng \u0111\u00e3 s\u1eeda ch\u1eefa ho\u1eb7c thay th\u1ebf l\u1ea1i cho b\u1ea1n.<\/span><\/li>\n<li><span>\u0110\u00ednh k\u00e8m c\u00e1c m\u1ee5c sau c\u00f9ng v\u1edbi s\u1ea3n ph\u1ea9m tr\u1ea3 l\u1ea1i c\u1ee7a b\u1ea1n:<\/span><\/li>\n<\/ol>\n<ul>\n<li style=\"list-style-type: none;\">\n<ul>\n<li><span>B\u1ea3n sao bi\u00ean lai b\u00e1n h\u00e0ng ban \u0111\u1ea7u c\u1ee7a b\u1ea1n c\u00f3 ghi ng\u00e0y mua<\/span><\/li>\n<li><span>M\u00f4 t\u1ea3 ng\u1eafn g\u1ecdn v\u1ec1 v\u1ea5n \u0111\u1ec1<\/span><\/li>\n<li><span>Th\u00f4ng tin li\u00ean h\u1ec7 bao g\u1ed3m \u0111\u1ecba ch\u1ec9 g\u1eedi th\u01b0 th\u1ef1c, s\u1ed1 \u0111i\u1ec7n tho\u1ea1i ban ng\u00e0y \/ bu\u1ed5i t\u1ed1i v\u00e0 \u0111\u1ecba ch\u1ec9 email, n\u1ebfu c\u00f3<\/span><\/li>\n<li><span>S\u1ed1 \u1ee7y quy\u1ec1n tr\u1ea3 l\u1ea1i c\u1ee7a b\u1ea1n\u00a0<\/span><\/li>\n<\/ul>\n<\/li>\n<\/ul>\n<p><em><span>T\u1ea5t c\u1ea3 tr\u1ea3 l\u1ea1i ph\u1ea3i \u0111\u01b0\u1ee3c g\u1eedi \u0111\u1ebfn:<\/span><br \/><\/em><strong><span>iSound<\/span><br \/><\/strong><span>Attn: Customer Service<\/span><br \/><span>P.O Box 478<\/span><br \/><span>Torrance, CA 90508\u00a0<\/span><\/p>\n<p><em><span>Vui l\u00f2ng ch\u1edd 4 \u0111\u1ebfn 6 tu\u1ea7n \u0111\u1ec3 x\u1eed l\u00fd.<\/span><\/em><\/p>\n<p><a name=\"faq03\"><\/a><\/p>\n<p><strong><span>Q: L\u00e0m c\u00e1ch n\u00e0o \u0111\u1ec3 \u0111\u0103ng k\u00fd s\u1ea3n ph\u1ea9m c\u1ee7a t\u00f4i?<\/span><br \/><\/strong><span>B\u1ea1n c\u00f3 th\u1ec3 d\u1ec5 d\u00e0ng \u0111\u0103ng k\u00fd s\u1ea3n ph\u1ea9m\u00a0\u00a0<\/span><a href=\"http:\/\/www.isound.com\/product-registration\/\"><strong><span>t\u1ea1i \u0111\u00e2y<\/span><\/strong><\/a><strong><span>\u00a0.<\/span><\/strong><a href=\"http:\/\/www.signalusa.com\/product-registration\/\"><strong>\u00a0<\/strong><\/a><\/p>\n<p><a name=\"faq04\"><\/a><\/p>\n<p><strong><span>Q: T\u00f4i c\u00f3 th\u1ec3 t\u00ecm h\u01b0\u1edbng d\u1eabn s\u1eed d\u1ee5ng s\u1ea3n ph\u1ea9m c\u1ee7a m\u00ecnh \u1edf \u0111\u00e2u?<\/span><br \/><\/strong><span>T\u1ea5t c\u1ea3 c\u00e1c h\u01b0\u1edbng d\u1eabn s\u1eed d\u1ee5ng s\u1ea3n ph\u1ea9m c\u00f3 th\u1ec3 \u0111\u01b0\u1ee3c t\u00ecm th\u1ea5y v\u00e0 t\u1ea3i xu\u1ed1ng t\u1eeb trang c\u1ee7a t\u1eebng s\u1ea3n ph\u1ea9m.<\/span><\/p>\n<p><a name=\"faq05\"><\/a><\/p>\n<p><strong><span>Q: T\u00f4i c\u00f3 th\u1ec3 l\u1ea5y c\u00e1c t\u1edd b\u00e1n th\u00f4ng tin v\u1ec1 t\u1eebng s\u1ea3n ph\u1ea9m \u1edf \u0111\u00e2u?<\/span><br \/><\/strong><span>T\u1ea5t c\u1ea3 c\u00e1c t\u1edd b\u00e1n s\u1ea3n ph\u1ea9m, ho\u00e0n ch\u1ec9nh v\u1edbi \u0111\u1ea7y \u0111\u1ee7 th\u00f4ng s\u1ed1 k\u1ef9 thu\u1eadt v\u00e0 k\u00edch th\u01b0\u1edbc c\u1ee7a m\u1eb7t h\u00e0ng, c\u00f3 th\u1ec3 \u0111\u01b0\u1ee3c t\u00ecm th\u1ea5y v\u00e0 t\u1ea3i xu\u1ed1ng t\u1eeb trang s\u1ea3n ph\u1ea9m c\u1ee7a c\u00e1 nh\u00e2n.<\/span><\/p>\n<p><a name=\"faq06\"><\/a><\/p>\n<p><strong><span>Q: Ch\u00ednh s\u00e1ch ho\u00e0n tr\u1ea3 c\u1ee7a iSound l\u00e0 g\u00ec?<\/span><br \/><\/strong><span>B\u1ea1n c\u00f3 th\u1ec3 tr\u1ea3 l\u1ea1i h\u1ea7u h\u1ebft c\u00e1c m\u1eb7t h\u00e0ng m\u1edbi ch\u01b0a m\u1edf trong v\u00f2ng 30 ng\u00e0y k\u1ec3 t\u1eeb ng\u00e0y giao h\u00e0ng \u0111\u1ec3 \u0111\u01b0\u1ee3c ho\u00e0n l\u1ea1i to\u00e0n b\u1ed9 ti\u1ec1n.\u00a0Vui l\u00f2ng li\u00ean h\u1ec7 v\u1edbi b\u1ed9\u00a0<\/span><a href=\"http:\/\/www.isound.com\/contact-us\/\"><span>ph\u1eadn D\u1ecbch v\u1ee5 Kh\u00e1ch h\u00e0ng<\/span><\/a><span>\u00a0\u0111\u1ec3 bi\u1ebft th\u00eam th\u00f4ng tin.<\/span><\/p>\n<p><a name=\"faq07\"><\/a><\/p>\n<p><strong><span>Q: M\u1ea5t bao l\u00e2u \u0111\u1ec3 s\u1ea3n ph\u1ea9m c\u1ee7a t\u00f4i \u0111\u01b0\u1ee3c v\u1eadn chuy\u1ec3n?<\/span><br \/><\/strong><span>Xin l\u01b0u \u00fd r\u1eb1ng t\u1ea5t c\u1ea3 c\u00e1c \u0111\u01a1n \u0111\u1eb7t h\u00e0ng \u0111\u01b0\u1ee3c x\u1eed l\u00fd v\u00e0 v\u1eadn chuy\u1ec3n trong v\u00f2ng 24-48 gi\u1edd k\u1ec3 t\u1eeb khi c\u00f3 email x\u00e1c nh\u1eadn.<\/span><\/p>\n<p><strong><span>Ph\u00f2ng Nh\u00e2n s\u1ef1<\/span><\/strong><br \/><span>\u0110\u1ec3 c\u00f3 c\u01a1 h\u1ed9i ngh\u1ec1 nghi\u1ec7p, vui l\u00f2ng g\u1eedi email s\u01a1 y\u1ebfu l\u00fd l\u1ecbch v\u00e0 th\u01b0 xin vi\u1ec7c c\u1ee7a b\u1ea1n t\u1edbi:<\/span><br \/><span>HR Inquiries:\u00a0\u00a0<\/span><a href=\"mailto:hr@dreamgear.net\"><span>hr@dreamgear.net<\/span><\/a>\u00a0<\/p>\n<p><strong><span>B\u1ea1n c\u00f3 m\u1ed9t \u00fd t\u01b0\u1edfng tuy\u1ec7t v\u1eddi cho m\u1ed9t s\u1ea3n ph\u1ea9m m\u1edbi?<\/span><\/strong><br \/><span>\u0110\u1ec3 g\u1eedi \u00fd t\u01b0\u1edfng c\u1ee7a b\u1ea1n, vui l\u00f2ng li\u00ean h\u1ec7 v\u1edbi\u00a0\u00a0<\/span><a href=\"mailto:morism@dreamgear.net\"><span>Ph\u00f2ng kinh doanh c\u1ee7a ch\u00fang t\u00f4i.<\/span><\/a>\u00a0<\/p>\n<p><strong><span>D\u00c0NH CHO C\u00c1C NH\u00c0 PH\u00c2N PH\u1ed0I \/ B\u00c1N H\u00c0NG:<\/span><\/strong><br \/><span>Y\u00eau c\u1ea7u b\u00e1n h\u00e0ng-<\/span><br \/><span>Moris Mirzadeh:\u00a0\u00a0<\/span><a href=\"mailto:morism@dreamgear.net\"><span>morism@dreamgear.net<\/span><\/a><br \/><span>\u0110i\u1ec7n tho\u1ea1i: 310-222-5522 m\u00e1y l\u1ebb.\u00a0111<\/span><br \/><span>Fax: 310-222-5577<\/span><strong>\u00a0<\/strong><\/p>\n<p><strong><span>iSound<\/span><\/strong><br \/><span>20001 S. Western Ave<\/span><br \/><span>Torrance, CA 90501<\/span><\/p>\n<p><span>\u0110i\u1ec7n tho\u1ea1i h\u1ed7 tr\u1ee3 kh\u00e1ch h\u00e0ng |\u00a0877-999-3732 (ch\u1ec9 Hoa K\u1ef3 v\u00e0 Canada) |\u00a0310-222-1045 (Qu\u1ed1c t\u1ebf)<\/span><br \/><span>Fax |\u00a0310-222-5577<\/span><\/p>\n<p><span>Th\u1ee9 Hai &#8211; Th\u1ee9 S\u00e1u, 8:30 s\u00e1ng \u0111\u1ebfn 5:30 chi\u1ec1u (PST)<\/span><\/p>\n<\/div>\n<\/div>\n<\/div><\/div>\n<\/div>\n\t\t<\/div><!-- .section-content -->\n\n\t\t\n<style scope=\"scope\">\n\n#section_1412028761 {\n  padding-top: 30px;\n  padding-bottom: 30px;\n}\n<\/style>\n\t<\/section>\n\t\n","protected":false},"excerpt":{"rendered":"","protected":false},"author":1,"featured_media":0,"parent":0,"menu_order":0,"comment_status":"closed","ping_status":"closed","template":"page-blank.php","meta":[],"_links":{"self":[{"href":"https:\/\/sound.bkns.biz\/index.php?rest_route=\/wp\/v2\/pages\/129"}],"collection":[{"href":"https:\/\/sound.bkns.biz\/index.php?rest_route=\/wp\/v2\/pages"}],"about":[{"href":"https:\/\/sound.bkns.biz\/index.php?rest_route=\/wp\/v2\/types\/page"}],"author":[{"embeddable":true,"href":"https:\/\/sound.bkns.biz\/index.php?rest_route=\/wp\/v2\/users\/1"}],"replies":[{"embeddable":true,"href":"https:\/\/sound.bkns.biz\/index.php?rest_route=%2Fwp%2Fv2%2Fcomments&post=129"}],"version-history":[{"count":2,"href":"https:\/\/sound.bkns.biz\/index.php?rest_route=\/wp\/v2\/pages\/129\/revisions"}],"predecessor-version":[{"id":133,"href":"https:\/\/sound.bkns.biz\/index.php?rest_route=\/wp\/v2\/pages\/129\/revisions\/133"}],"wp:attachment":[{"href":"https:\/\/sound.bkns.biz\/index.php?rest_route=%2Fwp%2Fv2%2Fmedia&parent=129"}],"curies":[{"name":"wp","href":"https:\/\/api.w.org\/{rel}","templated":true}]}}